 the prime factors of 8346.
2, 3, 13, 107
What are the prime factors of 641?
641
What are the prime factors of 669?
3, 223
What are the prime factors of 465?
3, 5, 31
List the prime factors of 6957.
3, 773
What are the prime factors of 12916?
2, 3229
What are the prime factors of 154800?
2, 3, 5, 43
What are the prime factors of 2418?
2, 3, 13, 31
List the prime factors of 15593.
31, 503
List the prime factors of 110628.
2, 3, 7, 439
List the prime factors of 86661.
3, 9629
What are the prime factors of 5422?
2, 2711
List the prime factors of 15311.
61, 251
List the prime factors of 73003.
7, 10429
What are the prime factors of 4838?
2, 41, 59
What are the prime factors of 4604?
2, 1151
What are the prime factors of 3837?
3, 1279
List the prime factors of 1810.
2, 5, 181
List the prime factors of 13213.
73, 181
List the prime factors of 2038.
2, 1019
What are the prime factors of 39064?
2, 19, 257
List the prime factors of 264.
2, 3, 11
List the prime factors of 1000.
2, 5
What are the prime factors of 1280?
2, 5
List the prime factors of 6222.
2, 3, 17, 61
List the prime factors of 169.
13
List the prime factors of 85216.
2, 2663
List the prime factors of 3240.
2, 3, 5
What are the prime factors of 4420?
2, 5, 13, 17
List the prime factors of 8021.
13, 617
What are the prime factors of 77748?
2, 3, 11, 19, 31
What are the prime factors of 135539?
23, 71, 83
List the prime factors of 1397.
11, 127
List the prime factors of 14463.
3, 1607
List the prime factors of 383.
383
List the prime factors of 1092.
2, 3, 7, 13
List the prime factors of 1301.
1301
List the prime factors of 633.
3, 211
List the prime factors of 25498.
2, 11, 19, 61
What are the prime factors of 9983?
67, 149
List the prime factors of 4714.
2, 2357
What are the prime factors of 12117?
3, 7, 577
What are the prime factors of 23?
23
List the prime factors of 11533.
19, 607
What are the prime factors of 9520?
2, 5, 7, 17
List the prime factors of 11080.
2, 5, 277
What are the prime factors of 424?
2, 53
What are the prime factors of 1912?
2, 239
List the prime factors of 11907.
3, 7
What are the prime factors of 6159?
3, 2053
List the prime factors of 32350.
2, 5, 647
What are the prime factors of 15544?
2, 29, 67
List the prime factors of 1005.
3, 5, 67
List the prime factors of 2545.
5, 509
List the prime factors of 74466.
2, 3, 7, 197
What are the prime factors of 114441?
3, 37, 1031
List the prime factors of 494.
2, 13, 19
What are the prime factors of 212?
2, 53
List the prime factors of 1479.
3, 17, 29
List the prime factors of 6610.
2, 5, 661
What are the prime factors of 3479?
7, 71
What are the prime factors of 568?
2, 71
What are the prime factors of 20558?
2, 19, 541
List the prime factors of 12511.
12511
List the prime factors of 18365.
5, 3673
What are the prime factors of 4944?
2, 3, 103
List the prime factors of 7355.
5, 1471
List the prime factors of 4458.
2, 3, 743
List the prime factors of 3613.
3613
What are the prime factors of 25236?
2, 3, 701
What are the prime factors of 106365?
3, 5, 7, 1013
List the prime factors of 75882.
2, 3, 12647
What are the prime factors of 48752?
2, 11, 277
List the prime factors of 772.
2, 193
List the prime factors of 38939.
23, 1693
List the prime factors of 4020.
2, 3, 5, 67
What are the prime factors of 56472?
2, 3, 13, 181
List the prime factors of 17193.
3, 11, 521
What are the prime factors of 4524?
2, 3, 13, 29
What are the prime factors of 313?
313
List the prime factors of 1077.
3, 359
List the prime factors of 52868.
2, 13217
What are the prime factors of 1398?
2, 3, 233
List the prime factors of 22253.
7, 11, 17
List the prime factors of 81220.
2, 5, 31, 131
What are the prime factors of 10468?
2, 2617
What are the prime factors of 74963?
7, 10709
List the prime factors of 674.
2, 337
What are the prime factors of 578?
2, 17
List the prime factors of 76235.
5, 79, 193
What are the prime factors of 2945?
5, 19, 31
List the prime factors of 1356.
2, 3, 113
What are the prime factors of 2515?
5, 503
List the prime factors of 6270.
2, 3, 5, 11, 19
List the prime factors of 30107.
7, 11, 17, 23
List the prime factors of 370.
2, 5, 37
List the prime factors of 18819.
3, 17, 41
List the prime factors of 3862.
2, 1931
What are the prime factors of 120433?
83, 1451
List the prime factors of 2949.
3, 983
List the prime factors of 28251.
3, 43, 73
List the prime factors of 8476.
2, 13, 163
What are the prime factors of 1619?
1619
List the prime factors of 2743.
13, 211
List the prime factors of 4172.
2, 7, 149
List the prime factors of 3810.
2, 3, 5, 127
What are the prime factors of 3575?
5, 11, 13
What are the prime factors of 102?
2, 3, 17
What are the prime factors of 30808?
2, 3851
What are the prime factors of 2820?
2, 3, 5, 47
What are the prime factors of 744?
2, 3, 31
What are the prime factors of 4297?
4297
What are the prime factors of 81137?
7, 67, 173
List the prime factors of 18075.
3, 5, 241
What are the prime factors of 14709?
3, 4903
List the prime factors of 3637.
3637
What are the prime factors of 42?
2, 3, 7
List the prime factors of 24472.
2, 7, 19, 23
List the prime factors of 60279.
3, 71, 283
What are the prime factors of 40587?
3, 83, 163
List the prime factors of 1984.
2, 31
List the prime factors of 40656.
2, 3, 7, 11
What are the prime factors of 117145?
5, 7, 3347
List the prime factors of 623.
7, 89
What are the prime factors of 26417?
26417
List the prime factors of 113948.
2, 61, 467
List the prime factors of 1178.
2, 19, 31
What are the prime factors of 3856?
2, 241
What are the prime factors of 11214?
2, 3, 7, 89
List the prime factors of 2111.
2111
What are the prime factors of 3091?
11, 281
What are the prime factors of 415?
5, 83
What are the prime factors of 3142?
2, 1571
What are the prime factors of 66114?
2, 3, 3673
List the prime factors of 1723.
1723
List the prime factors of 117818.
2, 58909
What are the prime factors of 76533?
3, 97, 263
List the prime factors of 885.
3, 5, 59
What are the prime factors of 544?
2, 17
List the prime factors of 316.
2, 79
List the prime factors of 182599.
182599
List the prime factors of 80161.
19, 4219
What are the prime factors of 6435?
3, 5, 11, 13
What are the prime factors of 38821?
38821
What are the prime factors of 7083?
3, 787
What are the prime factors of 940?
2, 5, 47
List the prime factors of 20313.
3, 37, 61
List the prime factors of 174988.
2, 11, 41, 97
List the prime factors of 37557.
3, 13, 107
List the prime factors of 654.
2, 3, 109
What are the prime factors of 7316?
2, 31, 59
List the prime factors of 774.
2, 3, 43
What are the prime factors of 1206?
2, 3, 67
List the prime factors of 485.
5, 97
List the prime factors of 962.
2, 13, 37
List the prime factors of 16958.
2, 61, 139
List the prime factors of 62126.
2, 31063
List the prime factors of 12463.
11, 103
What are the prime factors of 5355?
3, 5, 7, 17
List the prime factors of 831.
3, 277
What are the prime factors of 388?
2, 97
List the prime factors of 3610.
2, 5, 19
List the prime factors of 2986.
2, 1493
List the prime factors of 7805.
5, 7, 223
List the prime factors of 5596.
2, 1399
What are the prime factors of 2221?
2221
What are the prime factors of 773?
773
What are the prime factors of 28708?
2, 7177
What are the prime factors of 2202?
2, 3, 367
What are the prime factors of 5059?
5059
What are the prime factors of 36874?
2, 103, 179
What are the prime factors of 918?
2, 3, 17
List the prime factors of 13876.
2, 3469
List the prime factors of 2629.
11, 239
List the prime factors of 14876.
2, 3719
What are the prime factors of 729?
3
List the prime factors of 7927.
7927
What are the prime factors of 39707?
59, 673
List the prime factors of 16155.
3, 5, 359
List the prime factors of 60602.
2, 157, 193
List the prime factors of 29214.
2, 3, 541
What are the prime factors of 747?
3, 83
List the prime factors of 1370.
2, 5, 137
What are the prime factors of 2513?
7, 359
What are the prime factors of 23591?
31, 761
What are the prime factors of 52265?
5, 10453
List the prime factors of 863.
863
What are the prime factors of 421?
421
List the prime factors of 437.
19, 23
List the prime factors of 2672.
2, 167
List the prime factors of 14985.
3, 5, 37
What are the pr